*s - 2277851. What is i(-498)?
1
Let v(o) = 97*o**3 - 2618*o**2 - 42*o + 401. Determine v(27).
-4
Let g(n) = n**3 - 2*n**2 - 994*n + 5819. Calculate g(6).
-1
Let p(z) = -1477446*z + 4432336. Determine p(3).
-2
Let j(u) = -4*u**3 + 16*u**2 - 157*u + 1223. What is j(6)?
-7
Let o(v) = 1912*v - 20955. Calculate o(11).
77
Let x(s) = 21*s**2 - 772*s + 116. Give x(37).
301
Let s(j) = -5715*j + 17206. Give s(3).
61
Let t(g) = 10*g**2 - 3365*g - 20192. Give t(-6).
358
Let c(y) = y**3 - 52*y**2 + 106*y - 85. Give c(50).
215
Let r(c) = -13*c**2 - 428*c + 2974. What is r(7)?
-659
Let b(o) = o**3 + 134*o**2 + 879*o - 1177. Calculate b(-127).
93
Let w(c) = 3790*c - 1762348. What is w(465)?
2
Let u(w) = -w**2 + 60*w + 238. What is u(-3)?
49
Let r(u) = 4000*u + 23648. Determine r(-6).
-352
Let g(n) = 10*n**2 - 499*n - 2011. Determine g(54).
203
Let a(b) = 106160*b + 3290968. Give a(-31).
8
Let o(b) = -9*b**2 + 64817*b + 454165. Give o(-7).
5
Let s(o) = -o**2 - 415*o - 21345. Determine s(-60).
-45
Let b(n) = -578*n**2 + 8071*n + 380. What is b(14)?
86
Let b(k) = 4*k**3 - 6*k**2 + 27*k - 60. Determine b(3).
75
Let o(g) = -g**2 - 1296*g - 70634. Calculate o(-57).
-11
Let l(j) = 12058*j - 36179. Give l(3).
-5
Let a(h) = 6*h**2 - 112*h - 113. Calculate a(-1).
5
Let r(v) = -732*v**3 - v**2 + 114*v + 116. Give r(-1).
733
Let c(r) = 12*r**2 + 961*r + 382. Calculate c(-80).
302
Let q(r) = -2*r**3 - 30*r**2 + 141*r + 2. Give q(4).
-42
Let o(n) = 1030*n + 81454. What is o(-79)?
84
Let i(m) = m**3 + 19*m**2 + 771*m + 4100. What is i(-6)?
-58
Let v(y) = -4*y**3 + 31*y**2 + 32*y - 163. Determine v(13).
-3296
Let s(w) = -15824*w - 79091. Calculate s(-5).
29
Let c(s) = 370*s**2 + 9619*s - 36. What is c(-26)?
-10
Let q(u) = -u**3 + 83*u**2 + 100*u - 180. Calculate q(84).
1164
Let g(f) = f**3 + 28*f**2 - 127*f + 113. What is g(-32)?
81
Let f(z) = -103*z + 3894. What is f(47)?
-947
Let s(i) = -414*i + 2431. Give s(7).
-467
Let g(c) = -902*c + 12122. Determine g(14).
-506
Let n(p) = 1809*p - 47326. Determine n(26).
-292
Let k(h) = -6*h**2 - 357*h + 5222. Calculate k(14).
-952
Let p(d) = 17071*d - 102422. What is p(6)?
4
Let q(w) = -w**2 - 211*w - 6860. Calculate q(-40).
-20
Let v(d) = d**2 - 19*d + 247. Calculate v(0).
247
Let a(k) = -1724*k - 1508467. Determine a(-875).
33
Let w(u) = u**3 + 93*u**2 - 428*u - 2041. Calculate w(-97).
1839
Let i(o) = o**3 + 2*o**2 - 1588*o - 12762. Give i(-8).
-442
Let j(z) = z**2 + 380*z - 3859. Determine j(10).
41
Let b(n) = 205*n + 19455. What is b(-95)?
-20
Let o(w) = -1283*w - 31650. Determine o(-25).
425
Let z(c) = 15*c**2 + 7422*c + 13304. Determine z(-493).
-7
Let c(h) = -16*h**2 - 321*h - 1230. Calculate c(-28).
-4786
Let m(z) = 87*z**2 + 115*z - 226. Determine m(-8).
4422
Let h(r) = 32*r**2 - 120*r - 63. What is h(7)?
665
Let l(s) = -695727*s + 1391468. Calculate l(2).
14
Let h(f) = -f**3 + 146*f**2 - 604*f + 5623. Determine h(142).
511
Let k(a) = -492*a - 41868. What is k(-86)?
444
Let f(o) = -o**3 + 175*o**2 + 10164*o - 141. Calculate f(-46).
-49
Let t(d) = -191*d + 403. What is t(-9)?
2122
Let s(m) = 950*m + 186329. What is s(-196)?
129
Let j(g) = 5*g**2 + 4350*g + 34485. What is j(-8)?
5
Let u(w) = 2*w**3 + 2*w**2 - 14*w + 21. Determine u(1).
11
Let w(y) = 4*y**3 - 53*y**2 + 42*y + 170. Give w(12).
-46
Let j(u) = 105*u**3 - u**2 - 1758*u + 5263. Determine j(3).
2815
Let m(c) = -1843*c - 606180. What is m(-329)?
167
Let q(o) = -115*o**2 - 49003*o - 5534. What is q(-426)?
4
Let c(f) = f**2 + 4964*f - 1568088. Calculate c(298).
-12
Let m(h) = -h**3 + 54*h**2 + 805*h - 804. What is m(66)?
54
Let w(t) = 1869*t + 22491. What is w(-12)?
63
Let b(h) = -h**2 - 747*h + 66149. Calculate b(80).
-11
Let i(o) = 10224*o - 71503. What is i(7)?
65
Let z(i) = -67*i**2 - 2622*i - 347. Give z(-39).
4
Let m(h) = -29039*h + 26367434. Give m(908).
22
Let a(d) = -8*d**2 + 82*d - 557. Calculate a(17).
-1475
Let f(r) = -r**2 - 359*r - 2177. Give f(-6).
-59
Let f(m) = m**2 - 4358*m - 1064882. Give f(-232).
-2
Let c(a) = -42*a - 4699. Give c(-116).
173
Let x(y) = 3*y**3 - 31*y**2 + 63*y - 933. What is x(11)?
2
Let b(h) = -2*h**3 - 64*h**2 - 19*h - 607. Calculate b(-32).
1
Let r(m) = 4364*m - 34040. Give r(8).
872
Let b(g) = -3*g**2 - 1582*g - 133355. Give b(-422).
-3
Let i(o) = -2*o**3 - 4*o**2 - 2961*o - 2961. Determine i(-1).
-2
Let i(f) = 260*f - 37734. Determine i(153).
2046
Let h(t) = t**2 - 189*t - 556. What is h(-3)?
20
Let x(u) = -11*u**2 - 1281*u + 165470. What is x(-194)?
-12
Let v(s) = 3*s**2 + 7737*s - 85479. Determine v(11).
-9
Let d(g) = -3*g**2 - 4729*g - 1643605. Determine d(-1059).
-37
Let w(l) = 139*l + 23659. What is w(-171)?
-110
Let r(o) = -2*o**3 + 135*o**2 + 114*o - 12093. What is r(67)?
34
Let i(v) = -v**3 - 25*v**2 + 63*v + 13. Give i(-28).
601
Let g(u) = 2*u**3 - 4*u**2 - 81*u + 81. Give g(-9).
-972
Let c(v) = -4*v**3 - 1152*v**2 - 104*v - 29896. Determine c(-288).
56
Let g(m) = 3*m**3 - 473*m**2 - 597*m - 5825. Determine g(159).
376
Let o(a) = a**3 + 69*a**2 + 418*a - 14. Give o(-7).
98
Let j(t) = t**3 - 283*t**2 - 1304*t + 127560. What is j(286)?
4
Let n(w) = -w**3 - 47*w**2 + 179*w + 1517. Determine n(-50).
67
Let w(v) = 2*v**2 - 414*v + 18000. Determine w(149).
716
Let q(g) = 720*g - 37408. What is q(52)?
32
Let a(v) = 348*v - 3139. What is a(9)?
-7
Let m(z) = -123*z**3 - 28*z**2 - 32*z - 4. What is m(-1)?
123
Let r(u) = 7*u**2 + 64*u - 3759. Determine r(19).
-16
Let x(g) = 11*g**2 - 3227*g + 1187. Give x(293).
15
Let w(a) = 18573*a + 259546. Determine w(-14).
-476
Let t(z) = 10*z**3 - 6061*z**2 + 573*z + 20053. Determine t(606).
55
Let b(h) = 1996*h + 75391. Calculate b(-37).
1539
Let f(q) = -6*q**2 - 181*q + 1765. Calculate f(-38).
-21
Let p(t) = t**3 - 12*t**2 - 360*t - 192. What is p(-12)?
672
Let f(z) = -54*z**2 - 2917*z - 380. Determine f(-54).
-326
Let u(d) = -22*d**2 - 23*d + 67. Calculate u(7).
-1172
Let p(x) = 310*x**2 - 2074*x - 6. Give p(7).
666
Let c(h) = 5*h**3 + 637*h**2 + 252*h - 254. Determine c(-127).
0
Let z(j) = -13*j**3 + 51*j**2 - 1130*j + 4531. What is z(4)?
-5
Let s(r) = 14599*r - 102176. What is s(7)?
17
Let q(p) = -13923*p - 180147. Determine q(-13).
852
Let r(z) = z**2 - 14462*z + 216713. Calculate r(15).
8
Let n(c) = c**2 + 2712*c + 63679. What is n(-24)?
-833
Let i(w) = -4*w**3 + 440*w**2 - 51*w + 4469. Calculate i(110).
-1141
Let n(j) = 5*j**2 - 302*j - 2266. What is n(68)?
318
Let n(m) = m**3 + 21*m**2 - 3*m + 17. Give n(-20).
477
Let h(k) = -18555*k - 222658. Calculate h(-12).
2
Let p(x) = -x**3 - 6*x**2 + 40081*x - 240094. Calculate p(6).
-40
Let o(r) = -8*r**3 - 951*r**2 + 66*r - 6229. Determine o(-119).
78
Let j(q) = 343*q + 41230. Determine j(-120).
70
Let v(o) = 23*o**3 - 20*o**2 + 3159*o - 3159. Calculate v(1).
3
Let h(l) = -114*l**2 - 7745*l + 247. Determine h(-68).
-229
Let o(j) = -7*j**2 - 612*j - 5046. Calculate o(-9).
-105
Let r(p) = -3*p**2 + 3527*p - 149361. Determine r(44).
19
Let q(j) = -j**2 - 345*j + 37052. What is q(86)?
-14
Let r(f) = 80*f**2 - 771*f - 31. Calculate r(11).
1168
Let o(a) = a**2 + 762*a + 85638. What is o(-137)?
13
Let v(t) = -9*t**3 + 8*t**2 + 14*t - 9. Determine v(-4).
639
Let h(a) = -4*a**3 - 569*a**2 + 426*a + 1071. Give h(-143).
1500
Let a(w) = -w**2 - 14*w - 114. Calculate a(-14).
-114
Let q(o) = -13241*o - 42171. Give q(-3).
-2448
Let c(a) = 380*a - 3358. Determine c(11).
822
Let k(c) = -c**2 - 101*c + 2967. Determine k(-125).
-33
Let v(j) = 5*j**3 - 87*j**2 + 204*j - 2284. What is v(16)?
-812
Let x(t) = -11*t**2 - 305*t + 7904. Give x(-44).
28
Let s(y) = -2782*y + 13659. What is s(5)?
-251
Let g(b) = -2*b**2 + 439*b + 1899. Give g(224).
-117
Let g(m) = -3209*m - 9628. Calculate g(-3).
-1
Let q(h) = h**2 + 218*h - 21070. Calculate q(72).
-190
Let j(z) = 9796*z - 431023. Calculate j(44).
1
Let u(l) = -136*l**2 - 9114*l - 260. What is u(-67)?
-126
Let p(v) = 585*v + 29408. Determine p(-52).
-1012
Let n(r) = -3*r**3 - 54*r**2 - 56*r - 860. Determine n(-18).
148
Let k(h) = -22*h**2 + 301*h + 17252. Calculate k(-22).
-18
Let f(r) = -r**2 + 1432*r + 39392. What is f(-27)?
-1
Let k(d) = 4841*d**2 + 2306*d + 2304. Determine k(-1).
4839
Let v(u) = 2*u**3 + 4*u**2 - 313*u - 868. Calculate v(-12).
8
Let y(r) = 93*r + 1161. Calculate y(-16).
-327
Let h(d) = 55*d**3 -